*l + 5. What is the tens digit of c(h)?
1
Let o(i) = -6*i - 2. Let m be o(-6). Let w = m + -21. Let k = w - 7. What is the units digit of k?
6
Let k(u) = -15*u + 30. Let r(i) = 3*i - 6. Let s(x) = 4*k(x) + 21*r(x). Let l be s(7). Suppose 3*y - l = 21. What is the units digit of y?
2
Let j = 35 + 19. Suppose 0 = -5*d + 3*d + j. What is the tens digit of d?
2
Let r = 3 - -2. Let p(y) = y**3 - 5*y**2 + 2*y + 7. What is the units digit of p(r)?
7
Let j = 0 - 1. What is the units digit of (1 - j - 5) + 12?
9
Suppose p - 5*p + 332 = 0. What is the tens digit of p?
8
Suppose 2*a - 1 = 3. Let k(n) = -2*n**3 - n**2 + 2*n + 3. Let l(r) = 5*r**3 + 2*r**2 - 5*r - 7. Let u(m) = 9*k(m) + 4*l(m). What is the units digit of u(a)?
7
Let h(i) = 7*i**3 + 2*i**2 - 4*i + 1. Let t(j) = -6*j**3 - 3*j**2 + 5*j - 1. Let o(y) = 5*h(y) + 4*t(y). What is the tens digit of o(1)?
1
Let s = 1 - -11. What is the tens digit of s?
1
Let w = -135 - -291. What is the tens digit of w?
5
Let o = 11 + -21. Let i(l) = -l**2 - 11*l - 3. What is the units digit of i(o)?
7
Suppose -2*w - 3 + 13 = 0. Suppose 0 = 2*k - 4*g - 10, -12 = -4*k + w*g + 5. Let j = 4 - k. What is the units digit of j?
1
Let b = -4 + 4. Let g be (-1 - -3) + (9 - -2). Suppose b = -i + g - 1. What is the units digit of i?
2
Suppose -79 = -3*s + 8. What is the tens digit of s?
2
Suppose 3*x - 43 = -2*w, -77 = -4*w + 3*x - 0*x. What is the tens digit of w?
2
Let w(t) = t + 13. What is the units digit of w(-7)?
6
Let v be (8/(-6))/((-1)/(-3)). Let b(l) be the second derivative of l**5/20 + l**4/2 + 7*l**3/6 + 2*l**2 - 7*l. What is the units digit of b(v)?
8
Let a(x) = -x**2 + 8*x - 7. Let h be a(7). Let d = 2 + h. Suppose 4 = d*r - 0*r. What is the units digit of r?
2
Suppose -4 = 4*b, 5*h + 0*b - 5*b - 5 = 0. What is the units digit of 2 + (-38)/(h - 2)?
1
Let p = 2 + 0. Suppose -p = -3*l + 4. Suppose l*n + s = 12, 3*n - n + 5*s = 20. What is the units digit of n?
5
Suppose -3*w - 5*a + 847 = 0, -2*a = -1 - 3. Suppose -w = -v - 2*v. Suppose 117 = 5*o - 0*j + 3*j, 0 = 5*o - 3*j - v. What is the units digit of o?
1
Suppose 0*c = c - x - 30, -4*x + 60 = 2*c. What is the units digit of 3/(6/(-8)) + c?
6
Suppose -4*p + 21 = -3*d - 5, -d = 3*p. Let w be (d/3)/(-1*2). What is the units digit of 2 + w + -1 + 1?
3
Suppose -35 = -5*x - 0*x. Let q be (-6)/15 - (-108)/20. Suppose -i - 19 = -q*d, -2*i - 18 + x = -d. What is the units digit of d?
3
Let t(j) = 5*j**2 + 3*j + 8. What is the tens digit of t(-3)?
4
Suppose 4*t - 200 - 20 = 0. Suppose -5*g - t = -10*g. What is the units digit of g?
1
Let o(a) = -a + 8. Let z be o(6). Suppose 2*f - 44 + z = 0. What is the tens digit of f?
2
Suppose -2*t = y - 15, -5*t - 3*y = -5*y - 15. Suppose -t*q = -q + 16. Let g(w) = w**3 + 3*w**2 - 4*w + 3. What is the units digit of g(q)?
3
Let f be -3*1*(-4)/(-2). Let o be (-6)/10*(1 - 16). What is the units digit of o/2*(-8)/f?
6
Let f(g) = g + 3. Let l be f(4). Let m = 0 + l. What is the units digit of m?
7
Let j(d) = 5*d**2 - 3. What is the tens digit of j(2)?
1
Suppose 4*j - 5*o - 130 = 0, -3*o - 96 = -2*j - j. Let r = -17 + j. What is the units digit of r?
3
Suppose 7*g = 5*g. Suppose u - 4*u + 105 = g. What is the units digit of u?
5
Suppose 4*k - 35 = -k. Let l = -1 + k. What is the units digit of l?
6
Suppose 15 = 5*j - 5*r, 2 = 7*r - 5*r. Suppose 0 = h + 5 - 29. Suppose -j*n = -n - h. What is the units digit of n?
8
Let h be 3 - ((-4)/1 + 2). Let f(q) = q**3 + 4*q**2 + 2. Let v be f(-4). Let j = v + h. What is the units digit of j?
7
Let p = 37 + -67. Let r be 12/10*p/(-9). Suppose -3*t - 2*z + r*z + 59 = 0, 2*z = -2*t + 56. What is the tens digit of t?
2
Let r be ((-2)/(-6))/(2/(-30)). What is the tens digit of (-1 - 0) + (-65)/r?
1
Let h(p) = p**2 + 9. Let v be h(0). Let z = v - -13. Let s = 40 - z. What is the units digit of s?
8
Let z be 8*(4/2 + 0). Suppose 2*b + z = -2*b, 4*p = -b - 4. Suppose -4*t + t + 20 = 4*a, -2*a + 4 = p. What is the units digit of t?
4
Let s(n) = -3*n**2 - 7*n - 1. Let b(i) = -2*i**2 - 3*i - 1. Let p(x) = -5*b(x) + 3*s(x). What is the units digit of p(7)?
9
Suppose 9 + 0 = 3*d. Suppose -d*i - 2*i + 6 = y, -1 = i - 2*y. What is the units digit of i?
1
Let o be (0 - -1)/((-1)/(-2)). Suppose k - 37 = 3*m, -o*k - 2*m = -4*m - 78. Suppose k = 2*u - 2*x, u + 5*x = -0*u + 2. What is the tens digit of u?
1
Suppose 4*l - s = 490 - 107, -4*l + 3*s + 381 = 0. What is the tens digit of l?
9
Let q = -7 + 12. Suppose -19 = -g + q*j - j, -2*g + 4*j + 30 = 0. What is the units digit of g?
1
Let r(s) = s**2 + 6*s + 4. Let z be r(-6). Suppose -33 = -3*t + z*b + 24, -5*b = t - 19. What is the units digit of t?
9
Let l(j) = -3*j - 21. Let h(x) = 5*x + 32. Let i(u) = -5*h(u) - 8*l(u). What is the units digit of i(5)?
3
Let m = -11 + 11. What is the tens digit of 24 + -1 + 1 + m?
2
Let h = 303 + -216. What is the tens digit of h?
8
What is the units digit of (-1 - 2)/(2/(-34))?
1
Let l = 8 + -3. Suppose 5*x + 4*c = 67, -x + 4*c - 3 = -2. Suppose -2 = n, 3*n + x = l*o + 5*n. What is the units digit of o?
3
Let b = -2 + 13. What is the units digit of b?
1
Suppose -3*w - 5*b = -0*w - 7, -w + 3*b + 7 = 0. Suppose -3*j = -w*j + 6. What is the units digit of j?
6
What is the units digit of (142/4)/(12/24)?
1
Suppose -b + 96 = 3*b. Suppose 5*t = t + b. Let o(a) = 3*a - 8. What is the units digit of o(t)?
0
Suppose -q + 0*q - 10 = 0. Let i(u) = u**3 + 9*u**2 - 12*u - 15. What is the units digit of i(q)?
5
Suppose -4*p = v + 3, 3*p + 8 = 4*v - 18. Suppose -t - 24 = -v*t. What is the units digit of (t/(-8))/((-1)/12)?
9
Let j(q) = -3*q. Let x be j(-7). Let z = x - 14. What is the units digit of z?
7
Let b be (-2)/(2 - (-75)/(-36)). Let d be (2/6)/(2/b). What is the units digit of (-2)/d*-4 + 1?
3
Let u = 500 + -169. What is the units digit of u?
1
Let l = -32 - -49. What is the tens digit of l?
1
Let d(q) = -2*q**3 - 6*q**2 - q - 2. What is the tens digit of d(-5)?
0
Suppose 9*p - 127 - 305 = 0. What is the tens digit of p?
4
Suppose -2*u + i + 275 = 0, 0 = 5*u - 5*i - 372 - 313. Let g = u - 93. What is the units digit of g?
5
Let q(p) = -46*p. What is the tens digit of q(-1)?
4
What is the hundreds digit of 0 - -153 - 2/(-2)?
1
Suppose 2*c = 3*l + 276, -7*c - l = -2*c - 673. Let q be -7*(c/21 - 3). Let k = -15 - q. What is the units digit of k?
9
Suppose 5*s + 0*s + 25 = 0. Let r(t) = -t**3 - t**2 - 1. Let x(u) = -5*u**3 - 10*u**2 - 4*u - 1. Let n(w) = 4*r(w) - x(w). What is the units digit of n(s)?
2
Let b = 2 - -1. Let x = b - 5. What is the units digit of 10/x*(-10 + 9)?
5
Let d(o) = -o**2 - 6*o - 2. Let p be d(-3). Suppose -5*n = 7*y - 2*y + 5, -y + p = 3*n. What is the units digit of n*-1*(-6)/8?
3
Let w(r) = -4*r**2 - r + 3. Let p(i) = 2 + 2*i - 3*i**2 + 3*i - 6*i. Let v(c) = 5*p(c) - 4*w(c). What is the units digit of v(-2)?
4
Let a = 29 + 9. What is the units digit of a?
8
Suppose -1 = -2*q + 1. Let h be q/(((-3)/(-3))/3). Suppose -2*i - 3*i + 26 = 2*m, -h*m - 7 = -4*i. What is the units digit of m?
3
Suppose 3*h - 558 = 5*b - 0*b, -4*h + b + 744 = 0. What is the hundreds digit of h?
1
What is the units digit of ((-5)/(-20))/((-2)/(-88))?
1
Suppose -5*p + 3*p = 0. Suppose -x - 3*x + 32 = p. What is the units digit of x?
8
Suppose i - 3*h = -8 - 1, -h + 16 = 4*i. What is the tens digit of (-28)/i*198/(-77)?
2
Let f = -22 + 23. What is the units digit of -2 + f + -1 + 26?
4
Let h(d) = 2*d**3 - 4*d**2 - d - 7. What is the hundreds digit of h(5)?
1
Suppose -9 = -2*t + 49. Suppose -3*j + 13 = 4*l, -3*j = -0*j - 4*l - t. What is the units digit of j?
7
Suppose -4*p = 2*w + 56, 5*w + 4*p = -47 - 75. Let q(g) = -3*g**2 - g - 1. Let h be q(3). Let k = w - h. What is the units digit of k?
9
Let r(a) = -a + 1. Suppose -3*k + 0*k - 12 = 0. Let w be r(k). Suppose d - 4 - w = 0. What is the units digit of d?
9
Let v = 10 + -6. Suppose v*g - 12 = 2*g. What is the units digit of g?
6
Suppose 4*y = -20, 0 = 2*x + 5*y - 4*y + 57. Let f = 36 + x. What is the units digit of f?
0
Let v(u) = -u**2 + 27*u - 16. What is the tens digit of v(14)?
6
What is the tens digit of 10*(0 + -4 - -9)?
5
Let f(d) = 10*d + 17. What is the tens digit of f(18)?
9
Let v = 9 - 7. What is the units digit of (-6)/v - (-19 + 0)?
6
Suppose 3*m + 4*r - 77 = 0, -5*m + 4*r